*z**3 + 57*z**2 - 206*z + 76. Give s(-11).
-78
Let i(c) = 357*c**2 + 4168*c + 12500. What is i(-3)?
3209
Let s(x) = 2*x**2 - 39*x - 3249. Give s(-32).
47
Let n(x) = -2604*x - 125227. Give n(-48).
-235
Let a(y) = 2*y**2 + 301*y + 4893. What is a(-19)?
-104
Let f(t) = t**2 - 4538*t + 365405. Determine f(82).
13
Let a(p) = -2658*p - 531568. What is a(-200)?
32
Let w(b) = -3*b**3 - 2803*b**2 + 63120*b - 74. Calculate w(22).
-30
Let m(w) = 7*w**3 - 48*w**2 - 43*w + 233. What is m(7)?
-19
Let s(c) = 18112*c - 4636662. Determine s(256).
10
Let c(z) = -3304*z + 36320. Determine c(11).
-24
Let g(f) = 224*f - 5227. Give g(23).
-75
Let k(w) = 2*w**2 - 6575*w - 59350. Determine k(-9).
-13
Let b(i) = 60918*i + 426397. Give b(-7).
-29
Let o(i) = i**3 + 15*i**2 - 21685*i - 325279. Calculate o(-15).
-4
Let k(i) = i**3 - 27*i**2 + 4238*i - 119455. Give k(28).
-7
Let c(q) = 2*q**3 - 154*q**2 - 1002*q + 1210. Give c(-7).
-8
Let y(o) = -o**2 - 227513*o + 910056. Determine y(4).
-12
Let v(t) = -t**3 - 9*t**2 - 38*t - 329. Determine v(-9).
13
Let i(y) = -382*y - 92477. What is i(-242)?
-33
Let h(p) = 1631*p - 181457. What is h(111)?
-416
Let o(q) = 2*q**2 + 252*q + 540. Give o(-10).
-1780
Let s(f) = 1140*f - 8815. Calculate s(7).
-835
Let l(n) = -32*n**2 + 3029*n - 4953. Calculate l(93).
-24
Let r(j) = -7040*j + 260481. What is r(37)?
1
Let j(w) = -10*w**2 + 1126*w - 30323. Calculate j(68).
5
Let f(n) = 4*n**3 + 53*n**2 + 165*n - 10. What is f(-6)?
44
Let u(d) = 8*d**2 - 9014*d + 116901. Determine u(13).
1071
Let k(d) = 787846*d + 3939233. Give k(-5).
3
Let n(h) = -23*h**3 + 4800*h**2 + 29618*h - 55. What is n(-6)?
5
Let b(o) = -92161*o - 829686. Give b(-9).
-237
Let v(r) = 2371*r - 21377. What is v(9)?
-38
Let b(y) = -30*y**3 + 280*y**2 - 287*y - 187. Determine b(8).
77
Let u(r) = -84079*r + 167947. Determine u(2).
-211
Let p(f) = 44*f**2 - 37696*f - 10292. Give p(857).
-8
Let t(b) = 334*b + 4961. Calculate t(-17).
-717
Let d(v) = 192*v + 5468. Calculate d(-29).
-100
Let q(n) = -n**3 + 106*n**2 - 2703*n + 32155. Determine q(76).
7
Let w(q) = 3*q**3 - 508*q**2 + 629*q + 7191. Calculate w(168).
-33
Let o(t) = t**3 - 1081*t**2 - 5335*t + 456. What is o(-5)?
-19
Let x(d) = 16*d**2 + 147*d - 429. Calculate x(-5).
-764
Let l(j) = -j**2 + 36750*j + 8803141. What is l(-238)?
-3
Let f(u) = -u**3 + 113*u**2 - 2067*u - 269. Calculate f(90).
1
Let k(j) = 1555*j + 1247081. Give k(-802).
-29
Let o(p) = -145*p + 2751. Give o(13).
866
Let f(c) = -198*c - 22977. Give f(-117).
189
Let g(d) = -7*d**3 - 4064*d**2 + 4184*d - 119. Calculate g(1).
-6
Let k(n) = -n**2 - 75*n + 3191. Determine k(-89).
1945
Let j(x) = 1574*x + 103619. Determine j(-66).
-265
Let y(v) = -47*v + 2366. Calculate y(54).
-172
Let r(i) = -i**2 + 30*i + 1439. Calculate r(42).
935
Let u(n) = -565*n - 518. Determine u(0).
-518
Let x(t) = -193670*t + 774485. Determine x(4).
-195
Let h(u) = 3*u**2 + 526*u - 11087. Calculate h(19).
-10
Let i(y) = -y**2 - 463*y + 43756. Calculate i(80).
316
Let w(q) = q**2 - 701*q - 59907. What is w(-77)?
-1
Let k(h) = -h**2 - 141*h - 2267. Determine k(-20).
153
Let y(x) = 162*x**2 - 1424*x - 305. What is y(9)?
1
Let h(f) = f**3 - 14*f**2 - 456*f + 23. Calculate h(29).
-586
Let q(x) = 2717*x - 32595. What is q(12)?
9
Let v(w) = 2*w**2 + 5019*w + 134044. Determine v(-27).
-11
Let r(x) = -81*x**3 + 1702*x**2 - 45*x + 25. Calculate r(21).
-479
Let x(o) = o**2 + 2265*o - 1980880. Calculate x(674).
6
Let b(j) = -96*j + 5181. Determine b(52).
189
Let a(r) = -281*r + 6582. Determine a(26).
-724
Let h(v) = -7300*v + 14637. Give h(2).
37
Let w(c) = -36*c**2 - 34*c + 610. Determine w(-5).
-120
Let c(r) = -44*r**2 - 9031*r + 6852. Calculate c(-206).
54
Let k(a) = 539295*a + 8089407. Determine k(-15).
-18
Let q(r) = 834*r**3 - 5*r**2 - r + 6. Calculate q(1).
834
Let f(z) = -z**2 - 4402*z + 30801. Determine f(7).
-62
Let g(y) = -5711*y + 117324. What is g(21)?
-2607
Let g(v) = -39*v**2 + 11231*v + 342. Give g(288).
54
Let z(d) = -9*d**3 + 60*d**2 - 177*d + 527. What is z(5)?
17
Let y(z) = -4*z**2 + 1073*z - 57949. Calculate y(75).
26
Let r(t) = t**2 + 199*t - 26334. Calculate r(91).
56
Let w(q) = -6*q**3 + 43*q**2 - 4533*q + 26949. Calculate w(6).
3
Let d(c) = -2*c**2 - 35756*c - 250175. Calculate d(-7).
19
Let n(f) = -25*f**2 + 404*f - 1618. Give n(7).
-15
Let f(r) = -5*r**3 + 1040*r**2 - 1349*r + 65016. Give f(207).
18
Let v(c) = c**3 - 79*c**2 - 7194*c + 1581. What is v(133)?
-15
Let g(n) = 299*n - 121184. What is g(405)?
-89
Let k(u) = -u**3 + 17*u**2 + 236*u - 4188. Determine k(18).
-264
Let h(r) = 64*r - 965. Calculate h(29).
891
Let q(n) = -234*n**2 - 14520*n - 739. Determine q(-62).
5
Let o(h) = h**3 - 26*h**2 - 501*h + 11575. Determine o(25).
-1575
Let k(w) = -w**3 - 9*w**2 - 489*w - 3847. Calculate k(-8).
1
Let s(c) = 7*c**3 + 406*c**2 - 473*c - 3529. Determine s(-59).
11
Let s(x) = 22822*x + 1460648. Calculate s(-64).
40
Let y(m) = -415*m**2 - 16189*m - 37. Calculate y(-39).
119
Let y(v) = 717*v - 445253. What is y(621)?
4
Let b(c) = 8*c**2 - 802*c - 3311. Calculate b(-4).
25
Let y(v) = v**3 - 29*v**2 - 311*v + 7224. Give y(32).
344
Let i(u) = -640*u**2 + 110728*u - 1395. What is i(173)?
-11
Let g(q) = -43468*q - 782384. What is g(-18)?
40
Let t(s) = -24526*s**2 - 196201*s + 55. What is t(-8)?
-1
Let v(p) = -2885*p - 19921. Determine v(-7).
274
Let k(b) = b**2 - 71*b - 1980. What is k(89)?
-378
Let x(l) = 16*l**2 + 1576*l - 269. Give x(-98).
-1053
Let c(a) = -5*a**2 + 800*a - 6399. Determine c(8).
-319
Let a(s) = -2*s**3 + 2965*s**2 - 5755*s - 337. Calculate a(2).
-3
Let o(x) = -47563*x - 237995. Determine o(-5).
-180
Let k(g) = -g**2 + 2879*g - 525879. Determine k(196).
-11
Let p(w) = 3926*w + 160726. Calculate p(-41).
-240
Let r(s) = s**3 + 24*s**2 - 239*s - 536. Give r(9).
-14
Let x(d) = -d**2 + 1021*d - 258166. Calculate x(461).
-6
Let x(q) = 105*q + 6379. What is x(-59)?
184
Let k(c) = -13*c**2 - 2198*c + 4268. What is k(-171)?
-7
Let n(i) = -1677*i + 48657. Give n(29).
24
Let b(i) = -i**2 - 15246*i - 3571907. Determine b(-238).
-3
Let s(h) = h**3 - 1236*h**2 - 12571*h + 138283. What is s(1246)?
-23
Let c(y) = -780*y + 5404. What is c(11)?
-3176
Let b(z) = 3*z**3 + 1076*z**2 - 329*z + 10769. Give b(-359).
-1
Let s(h) = -13*h**2 + 279*h - 1493. What is s(10)?
-3
Let w(u) = -8258*u - 99220. Determine w(-12).
-124
Let c(o) = -568*o + 9100. Determine c(16).
12
Let g(s) = 4*s**2 - 6836*s + 141697. Give g(21).
-95
Let i(s) = 132*s**2 - 28*s + 91. Give i(3).
1195
Let i(o) = -o**3 - 34*o**2 + 54*o + 4499. Give i(-31).
-58
Let t(l) = 76*l - 13826. What is t(188)?
462
Let z(y) = -154*y - 1487. What is z(-7)?
-409
Let a(t) = 532*t**2 + 17024*t - 19. Determine a(-32).
-19
Let w(d) = -58305*d - 3031854. What is w(-52)?
6
Let z(s) = s**3 + 3*s**2 - 81*s - 127. What is z(-7)?
244
Let r(z) = 67*z**2 - 896*z + 3038. Determine r(6).
74
Let w(z) = -z**3 + 322*z**2 + 166*z + 50729. What is w(323)?
18
Let q(f) = -1298*f - 7690. Give q(-6).
98
Let m(o) = -2355*o - 4030. Calculate m(-2).
680
Let z(y) = -800*y**2 + 293*y + 12. Determine z(-2).
-3774
Let j(q) = 20*q**3 + 4*q**2 - 1117*q - 1119. Give j(-1).
-18
Let i(u) = 127*u**3 + 34*u**2 - 60*u - 14. What is i(2)?
1018
Let d(p) = p**3 - 36*p**2 + 1336*p - 32893. Give d(29).
-36
Let p(a) = -575*a + 210914. Give p(367).
-111
Let f(u) = -11*u**3 + 336*u**2 + 354*u + 5055. What is f(32)?
-1
Let f(p) = 7*p**3 - 1790*p**2 + 3128*p - 20377. Determine f(254).
-57
Let f(o) = -1203*o + 66445. What is f(55)?
280
Let f(s) = s**3 - 63*s**2 - 272*s + 9170. Determine f(65).
-60
Let j(b) = -15*b**2 + 2512*b + 11705. Calculate j(172).
9
Let x(h) = 720*h + 36253. Determine x(-50).
253
Let q(x) = -2923*x - 49612. Calculate q(-17).
79
Let r(g) = -48530*g - 727996. Give r(-15).
-46
Let x(n) = 13*n**2 - 47*n - 137. Calculate x(-9).
1339
Let c(r) = r**3 + 340*r**2 - 51*r - 17341. Calculate c(-340).
-1
Let y(l) = -2*l**3 + 156*l**2 - 265*l - 1641. Calculate y(76).
1323
Let u(i) = 2*i**3 + 463*i**2 - 2224*i - 637. Calculate u(5).
68
Let o(y) = 171*y + 1046. Give o(-8).
-322
Let j(v) = 14*v**2 + 235*v + 70. What is j(-19)?
659
Let b(s) = 13010*s - 9952643. Give b(765).
7
Let k(y) = -19*y**2 - 182*y - 442. Give k(-5).
-7
Let b(a) = -252*a**2 - 24*a - 13. Give b(-1).
-241
Let b(